j - 48*j = 3550. What is the remainder when j is divided by (-2)/8 + 618/8 + -5?
70
Let v(x) = -68*x - 1. Let q(i) = 2*i**2 + 12*i - 15. Let j = -75 + 67. What is the remainder when v(-2) is divided by q(j)?
16
Suppose -3 = -r - 2*s, 2*s + s = -4*r + 37. Suppose r*n = 9*n - 16, 2*n = -2*l + 12. What is the remainder when 37 is divided by l?
7
Suppose 0 = 10*y - 6*y - 56. What is the remainder when ((-6)/(-2))/(375/9575) - (-4)/10 is divided by y?
7
Suppose -2*i + 746 = 728. Suppose i*t = 315 + 279. What is the remainder when 87 is divided by t?
21
Let r = 31 + -3. Let q be r/(-7) - (-1 + 2). Let o = q - -14. What is the remainder when o is divided by 2?
1
Let c(k) = k**3 - 34*k**2 + 31*k + 95. Let i(u) = -16*u + 2. Let z(p) = p - 2. Let y be z(-3). What is the remainder when i(y) is divided by c(33)?
24
Let p(g) be the second derivative of 3*g**3 - g**2/2 - 18*g. What is the remainder when p(4) is divided by 26?
19
Let w be -11 + (-105)/(-9) - 4/(-3). Suppose w*i - 3 = 5. Calculate the remainder when 6/5*(-40)/(-3) is divided by i.
0
Let g = -6743 - -6858. What is the remainder when 381 is divided by g?
36
Let b = 126 - 111. Calculate the remainder when -5*(-12)/b + -2 + 55 is divided by 20.
17
Suppose 35 - 11 = 4*n. Suppose n*d = d + 45. Let k = -51 - -55. What is the remainder when d is divided by k?
1
Let n(v) = 9*v**3 - 3*v**2 + 15*v - 13. Let p be n(4). Let t = 79 - 76. Calculate the remainder when 2/t - p/(-30)*2 is divided by 14.
11
Suppose 572*g - 299*g - 1638 = 0. Calculate the remainder when 288 is divided by g.
0
What is the remainder when 25830/60*(-8)/(-7) is divided by 70?
2
Let g = -11 + 11. Let i be 2 + 3/3 + g. Suppose i*t + 8 = 7*t. Calculate the remainder when 4 is divided by t.
0
Suppose -4*j - 770 = 18*j. Let b = 117 + -77. Let f = j + b. Calculate the remainder when 8 is divided by f.
3
What is the remainder when 16155 is divided by 10/16 + 569966/5072?
109
Let z be (-3)/(-7 - 5088/(-726)). Let b = -336 - z. What is the remainder when 186 is divided by b?
24
Let t = -38 + 92. Suppose -353 - 107 = -10*l. Suppose -l*a + 45*a + 14 = 0. What is the remainder when t is divided by a?
12
Calculate the remainder when 4439 is divided by ((-10)/(-9))/(15/540).
39
Suppose -23*s = 3*v - 2695, -s + 56 + 87 = 3*v. Calculate the remainder when 645 is divided by s.
65
Suppose 45663 + 28467 = 42*m. What is the remainder when m is divided by 17?
14
Suppose 70*i = -39*i + 3438 + 3320. Calculate the remainder when 800 is divided by i.
56
Suppose -34*a - 19388 = -71*a. What is the remainder when a is divided by 75?
74
Suppose 3*b - 4*v - 277 + 90 = 0, -b = v - 67. Let s(c) = c**3 - 13*c**2 + 5*c. Let w be s(13). What is the remainder when b is divided by 1092/w + (-2)/(-10)?
14
Suppose 5*i + 31 - 216 = 0. Calculate the remainder when 220 is divided by i.
35
Let y be 5*7*(-14 + (-1300)/(-91)). Calculate the remainder when 132 is divided by (-15)/y*((-9)/(-3) - 33).
42
Let x = -22870 - -27196. What is the remainder when x is divided by 98?
14
Let i be ((-329)/35 + 10)*1*5. Suppose -3*f + 213 = -i*t, 11*f + 5*t = 15*f - 283. What is the remainder when 213 is divided by f?
69
Let j = -76 - -113. Let q(c) = -8*c**2 - 156*c - 63. What is the remainder when j is divided by q(-19)?
11
Suppose -35*g + 13158 = 8*g. Suppose 0 = 5*a + 13*a - g. Calculate the remainder when a is divided by 1 - (0 - (0 - -9)).
7
Suppose 7814*n - 7863*n = -1119 - 8. What is the remainder when 2458 is divided by n?
20
Let u = -508 - -518. Suppose u*b + 92 - 322 = 0. Calculate the remainder when (-393)/(-6) - 2/(-4) is divided by b.
20
Suppose -4*g = -24 - 48. Let b = 70 - g. Let l = b + -25. What is the remainder when 104 is divided by l?
23
Let y = -40 - -44. Suppose -16 = 4*q + x - 5*x, x = -y*q - 6. Calculate the remainder when 75 is divided by (24/(-4))/2 + (-38)/q.
11
Suppose 17*c + 10*c - 4499 = 16*c. What is the remainder when c is divided by 99?
13
Let n(d) = 2*d**2 - 3*d - 3 - 2*d**2 + d**2. Suppose -11*l + 16 + 790 = 15*l + 5*l. What is the remainder when l is divided by n(5)?
5
Let f be (-2)/(-16) + (-41995)/(-40). Suppose -66*c - f = -80*c. What is the remainder when 84 is divided by c?
9
Let w(f) = 0*f + 33*f - 18*f + 34. Calculate the remainder when w(4) is divided by 10.
4
Suppose 2*i - 6 = 2. Suppose -i*t - 14 + 2 = 0. Calculate the remainder when 17 is divided by 5/(t*(-5)/15).
2
Let x = 1208 + -1147. What is the remainder when (23 - -1)*3/(24/58) is divided by x?
52
Let m = 3823 - 3734. Suppose 3*d + 145 - 658 = 0. What is the remainder when d is divided by m?
82
Suppose 5*g - 5*p = 24925, 0 = g + 44*p - 48*p - 5003. Calculate the remainder when g is divided by 166.
165
Suppose 11*w - 5288 + 1867 = 0. Suppose 5*n - 6*n = -8. Calculate the remainder when w is divided by n.
7
Let b(l) = -17*l**2 + 19*l - 102. Let q be b(5). Let g = -392 - q. What is the remainder when 151 is divided by g?
31
Let x(u) = -3*u**2 - 23*u - 4. What is the remainder when 1707 is divided by x(-7)?
7
Suppose -11*v + 21 - 76 = 0. Let k be 4 - (2 + v + 4). Suppose -h + 5*u = 2*u + 6, -k*u = 5*h - 60. What is the remainder when 71 is divided by h?
8
Suppose 4*i - 6*i + 3*t + 63 = 0, 5*t + 35 = i. Calculate the remainder when 6563 is divided by i.
23
Let v = -11430 - -11474. What is the remainder when 691 is divided by v?
31
Suppose 0 = 7*q + 40*q - 18*q - 92452. What is the remainder when q is divided by 56?
52
Let o = 210 + -108. Let s(b) = 24*b**2 - 7*b. Let j be s(-5). Suppose -26 = j*q - 636*q. Calculate the remainder when o is divided by q.
24
Let s(n) = -n**2 + 5*n. Let l be s(5). What is the remainder when -182*((-2)/4 + l) is divided by (36/5)/(3/10)?
19
Let w(s) = -11*s + 105. Let a be w(10). Let r(t) = -40*t - 197. What is the remainder when 21 is divided by r(a)?
0
Suppose -3*l + 8*l + 5*z + 25 = 0, -2*z = -3*l - 10. Let j(i) = -i**2 - 5*i + 8. Let c be j(l). Calculate the remainder when 17/(4*1/c) + -4 is divided by 16.
15
Suppose 19*q = 15*q + 84. Suppose 18 = t + q. What is the remainder when 85 is divided by 264/9 - (-1)/t?
27
Suppose b + 5*g = 534, 6 = g + 2*g. Suppose 4*d = 5*u - 0*u - 717, -b = 3*d - u. Let q = -48 - d. Calculate the remainder when q is divided by 32.
29
Suppose 10 = 2*c - g, -75 = -9*c + 19*g - 17*g. Let o(a) = a**2 - 6*a + 4. Calculate the remainder when c is divided by o(6).
3
Suppose -115 = -3*k - 2*j + 12, 86 = 2*k + j. Calculate the remainder when 216 is divided by k.
36
Suppose -847 = 94*c - 101*c. What is the remainder when 251 is divided by c?
9
Suppose 0 = v - 2*n - 18, 7*n - n + 42 = 0. Calculate the remainder when 78 is divided by v.
2
Suppose 0 = 2*k + 4, f - k - 2 = 6*f. Suppose 320 = -f*x + 5*x. Suppose 0*l + 6 = l. What is the remainder when x is divided by l?
4
Let k(g) = -2*g**3 - 9*g**2 + 2*g - 10. Let m be k(-5). Suppose -4*t - 5*a = -52 - 43, 5*a + m = t. Calculate the remainder when 36 is divided by t.
16
What is the remainder when (-8 + 52/(-10))*(-90)/12 is divided by 33?
0
Let n(w) = -2*w - 21 - 13*w**2 + 6*w + w**3 + 15*w**2 - 5*w**2. Calculate the remainder when n(4) is divided by 6.
5
What is the remainder when (32/14)/4 + (-44825)/(-385) is divided by 9?
0
Let q = -230 + 232. Suppose p = -0 - 1, -v + q*p = -25. What is the remainder when v is divided by 18?
5
Let r be 16/10 - 8/(-20). Let l = -48 - -62. Let n = l - r. Calculate the remainder when 31 is divided by n.
7
Suppose 2*u + 32 = 2*v, 4*v = 2*u + 2 + 58. Let b(f) = f - 5*f**2 + 12*f**2 + 14*f**2 - 3 + 4*f**2. Calculate the remainder when b(1) is divided by v.
9
Let d(q) = -11*q + 4*q - 1 + 5*q**2 - q**3 + 11 + 6*q**2. Let g be d(11). Let z = -18 - g. Calculate the remainder when z is divided by 10.
9
Let m(p) = p**2 - 9*p - 9. Calculate the remainder when (-34 + 2 - -31)*(-855 + 0) is divided by m(11).
10
Suppose 2*d = 4*l + 2062, -3*d + l + 1396 = -1687. What is the remainder when d is divided by 58?
41
Let u(v) = v**2 - 8*v - 21. Let r be u(11). Suppose -n = -3 - r. What is the remainder when 53 - -26 - (7 + -1) is divided by n?
13
Let y be 16/(-12)*3/(-1). Suppose 10 + 6 = y*d. Suppose 0 = -4*u - d*i - 136 + 408, 5*u - 341 = -4*i. Calculate the remainder when u is divided by 36.
33
Calculate the remainder when ((-7)/4*2 + 0)*(3 + -1717) is divided by 12.
11
L